{"id":5,"date":"2014-03-28T13:32:43","date_gmt":"2014-03-28T12:32:43","guid":{"rendered":"https:\/\/boulling.com\/?page_id=5"},"modified":"2020-11-14T14:50:32","modified_gmt":"2020-11-14T13:50:32","slug":"presentation","status":"publish","type":"page","link":"https:\/\/boulling.com\/?page_id=5","title":{"rendered":"Qui suis-je ?"},"content":{"rendered":"<p style=\"text-align: justify;\">Apr\u00e8s avoir obtenu mon baccalaur\u00e9at des Sciences et Technologies Tertiaires en communication, j&rsquo;ai par la suite int\u00e9gr\u00e9 \u00a0la facult\u00e9 d&rsquo;histoire de l&rsquo;art \u00e0 l\u2019Universit\u00e9 de Dijon. Cela m&rsquo;a ouvert les portes du domaine de l&rsquo;Art et j&rsquo;ai voulu le pratiquer dans une \u00e9cole o\u00f9 je me suis sp\u00e9cialis\u00e9 en Design d&rsquo;objet pendant 2 ans. C&rsquo;est apr\u00e8s avoir travaill\u00e9 3 ans dans la vente informatique et multim\u00e9dia que j&rsquo;ai voulu me recentrer sur mon projet professionnel \u00e0 savoir \u00e9voluer dans le monde de l&rsquo;infographie. J&rsquo;ai donc repris une formation en Programmation Jeux vid\u00e9o et R\u00e9alit\u00e9 Augment\u00e9e \u00e0 l&rsquo;\u00e9cole ARIES de Chalon sur Sa\u00f4ne pendant 1 an. Suite \u00e0 cela j&rsquo;ai suivi une formation d&rsquo;infographiste 3D \u00e0 l&rsquo;\u00e9cole ARIES de Lyon , o\u00f9 j&rsquo;ai obtenu mon dipl\u00f4me avec mention, pour me sp\u00e9cialiser l&rsquo;ann\u00e9e suivante en concepteur 3D\/VFX o\u00f9 j&rsquo;ai \u00e9galement obtenu mon dipl\u00f4me avec mention. Aujourd&rsquo;hui je travaille principalement dans le domaine du jeu vid\u00e9o en tant que props\/environment artist mais je reste ouvert \u00e0 tout les types de contrat. En effet, mon exp\u00e9rience en tant que cadre responsable R&amp;D en conception 3D dans une startup m&rsquo; a permis de beaucoup apprendre sur les responsabilit\u00e9s, la gestion d&rsquo;une \u00e9quipe. De plus, le fait d&rsquo;\u00eatre intervenant p\u00e9dagogique en mod\u00e9lisation 3D m&rsquo;a \u00e9galement ouvert les yeux sur une toute nouvelle vocation pleine de passion.<\/p>\n<p style=\"text-align: justify;\">Contact :<\/p>\n<p style=\"text-align: justify;\">Mail : <strong>boulling.g@gmail.com<\/strong><\/p>\n<p style=\"text-align: justify;\">\u00a0<\/p>\n\n\n<figure class=\"wp-block-image size-large\"><img data-attachment-id=\"1507\" data-permalink=\"https:\/\/boulling.com\/?attachment_id=1507\" data-orig-file=\"https:\/\/i0.wp.com\/boulling.com\/wp-content\/uploads\/2020\/11\/CV_Boulling-Geoffrey.jpg?fit=1024%2C1448&amp;ssl=1\" data-orig-size=\"1024,1448\" data-comments-opened=\"0\" data-image-meta=\"{&quot;aperture&quot;:&quot;0&quot;,&quot;credit&quot;:&quot;&quot;,&quot;camera&quot;:&quot;&quot;,&quot;caption&quot;:&quot;&quot;,&quot;created_timestamp&quot;:&quot;0&quot;,&quot;copyright&quot;:&quot;&quot;,&quot;focal_length&quot;:&quot;0&quot;,&quot;iso&quot;:&quot;0&quot;,&quot;shutter_speed&quot;:&quot;0&quot;,&quot;title&quot;:&quot;&quot;,&quot;orientation&quot;:&quot;1&quot;}\" data-image-title=\"CV_Boulling Geoffrey\" data-image-description=\"\" data-medium-file=\"https:\/\/i0.wp.com\/boulling.com\/wp-content\/uploads\/2020\/11\/CV_Boulling-Geoffrey.jpg?fit=212%2C300&amp;ssl=1\" data-large-file=\"https:\/\/i0.wp.com\/boulling.com\/wp-content\/uploads\/2020\/11\/CV_Boulling-Geoffrey.jpg?fit=724%2C1024&amp;ssl=1\" loading=\"lazy\" width=\"724\" height=\"1024\" src=\"https:\/\/i0.wp.com\/boulling.com\/wp-content\/uploads\/2020\/11\/CV_Boulling-Geoffrey.jpg?resize=724%2C1024&#038;ssl=1\" alt=\"\" class=\"wp-image-1507\" srcset=\"https:\/\/i0.wp.com\/boulling.com\/wp-content\/uploads\/2020\/11\/CV_Boulling-Geoffrey.jpg?resize=724%2C1024&amp;ssl=1 724w, https:\/\/i0.wp.com\/boulling.com\/wp-content\/uploads\/2020\/11\/CV_Boulling-Geoffrey.jpg?resize=212%2C300&amp;ssl=1 212w, https:\/\/i0.wp.com\/boulling.com\/wp-content\/uploads\/2020\/11\/CV_Boulling-Geoffrey.jpg?w=1024&amp;ssl=1 1024w\" sizes=\"(max-width: 724px) 100vw, 724px\" data-recalc-dims=\"1\" \/><\/figure>\n","protected":false},"excerpt":{"rendered":"<p>Apr\u00e8s avoir obtenu mon baccalaur\u00e9at des Sciences et Technologies Tertiaires en communication, j&rsquo;ai par la suite int\u00e9gr\u00e9 \u00a0la facult\u00e9 d&rsquo;histoire de l&rsquo;art \u00e0 l\u2019Universit\u00e9 de Dijon. Cela m&rsquo;a ouvert les portes du domaine de l&rsquo;Art et j&rsquo;ai voulu le pratiquer dans une \u00e9cole o\u00f9 je me suis sp\u00e9cialis\u00e9 en Design d&rsquo;objet pendant 2 ans. C&rsquo;est [&hellip;]<\/p>\n","protected":false},"author":1,"featured_media":0,"parent":0,"menu_order":0,"comment_status":"closed","ping_status":"closed","template":"","meta":{"spay_email":""},"jetpack_sharing_enabled":true,"jetpack_shortlink":"https:\/\/wp.me\/P7crFE-5","_links":{"self":[{"href":"https:\/\/boulling.com\/index.php?rest_route=\/wp\/v2\/pages\/5"}],"collection":[{"href":"https:\/\/boulling.com\/index.php?rest_route=\/wp\/v2\/pages"}],"about":[{"href":"https:\/\/boulling.com\/index.php?rest_route=\/wp\/v2\/types\/page"}],"author":[{"embeddable":true,"href":"https:\/\/boulling.com\/index.php?rest_route=\/wp\/v2\/users\/1"}],"replies":[{"embeddable":true,"href":"https:\/\/boulling.com\/index.php?rest_route=%2Fwp%2Fv2%2Fcomments&post=5"}],"version-history":[{"count":26,"href":"https:\/\/boulling.com\/index.php?rest_route=\/wp\/v2\/pages\/5\/revisions"}],"predecessor-version":[{"id":1511,"href":"https:\/\/boulling.com\/index.php?rest_route=\/wp\/v2\/pages\/5\/revisions\/1511"}],"wp:attachment":[{"href":"https:\/\/boulling.com\/index.php?rest_route=%2Fwp%2Fv2%2Fmedia&parent=5"}],"curies":[{"name":"wp","href":"https:\/\/api.w.org\/{rel}","templated":true}]}}